{"id":67,"date":"2025-08-16T17:10:47","date_gmt":"2025-08-16T17:10:47","guid":{"rendered":"https:\/\/dev.diasdiogo.pt\/brandscapitalinvestments\/?page_id=67"},"modified":"2025-09-13T16:46:32","modified_gmt":"2025-09-13T16:46:32","slug":"simulador","status":"publish","type":"page","link":"https:\/\/dev.diasdiogo.pt\/brandscapitalinvestments\/simulador\/","title":{"rendered":"Simulador"},"content":{"rendered":"\t\t<div data-elementor-type=\"wp-page\" data-elementor-id=\"67\" class=\"elementor elementor-67\" data-elementor-post-type=\"page\">\n\t\t\t\t<div data-particle_enable=\"false\" data-particle-mobile-disabled=\"false\" class=\"elementor-element elementor-element-bf5441c e-flex e-con-boxed e-con e-child\" data-id=\"bf5441c\" data-element_type=\"container\" id=\"hero\" data-settings=\"{&quot;background_background&quot;:&quot;classic&quot;}\">\n\t\t\t\t\t<div class=\"e-con-inner\">\n\t\t\t\t<div class=\"elementor-element elementor-element-928ad5a elementor-widget elementor-widget-text-editor\" data-id=\"928ad5a\" data-element_type=\"widget\" data-widget_type=\"text-editor.default\">\n\t\t\t\t\t\t\t\t\t<p>Simulador<\/p>\t\t\t\t\t\t\t\t<\/div>\n\t\t\t\t<div class=\"elementor-element elementor-element-c543e1d elementor-widget elementor-widget-heading\" data-id=\"c543e1d\" data-element_type=\"widget\" data-widget_type=\"heading.default\">\n\t\t\t\t\t<h1 class=\"elementor-heading-title elementor-size-default\">Sabe quanto vale a sua empresa?<\/h1>\t\t\t\t<\/div>\n\t\t\t\t<div class=\"elementor-element elementor-element-2feaaaf elementor-widget elementor-widget-text-editor\" data-id=\"2feaaaf\" data-element_type=\"widget\" data-widget_type=\"text-editor.default\">\n\t\t\t\t\t\t\t\t\t<p>Quer atrair investimento, novos s\u00f3cios ou vender a sua empresa? Com o nosso simulador, descubra o valor indicativo do seu neg\u00f3cio a partir de alguns indicadores financeiros.<\/p>\t\t\t\t\t\t\t\t<\/div>\n\t\t<div data-particle_enable=\"false\" data-particle-mobile-disabled=\"false\" class=\"elementor-element elementor-element-68c9be7 e-con-full e-flex e-con e-child\" data-id=\"68c9be7\" data-element_type=\"container\">\n\t\t\t\t<div class=\"elementor-element elementor-element-9902fbe btn-logged-out elementor-widget elementor-widget-button\" data-id=\"9902fbe\" data-element_type=\"widget\" data-widget_type=\"button.default\">\n\t\t\t\t\t\t\t\t\t\t<a class=\"elementor-button elementor-button-link elementor-size-sm\" href=\"https:\/\/dev.diasdiogo.pt\/brandscapitalinvestments\/autenticacao\">\n\t\t\t\t\t\t<span class=\"elementor-button-content-wrapper\">\n\t\t\t\t\t\t\t\t\t<span class=\"elementor-button-text\">Entrar \/ Criar conta<\/span>\n\t\t\t\t\t<\/span>\n\t\t\t\t\t<\/a>\n\t\t\t\t\t\t\t\t<\/div>\n\t\t\t\t<div class=\"elementor-element elementor-element-b9609c3 elementor-widget elementor-widget-button\" data-id=\"b9609c3\" data-element_type=\"widget\" id=\"btn-start-simulator\" data-widget_type=\"button.default\">\n\t\t\t\t\t\t\t\t\t\t<a class=\"elementor-button elementor-size-sm\" role=\"button\">\n\t\t\t\t\t\t<span class=\"elementor-button-content-wrapper\">\n\t\t\t\t\t\t\t\t\t<span class=\"elementor-button-text\">Simular valor agora<\/span>\n\t\t\t\t\t<\/span>\n\t\t\t\t\t<\/a>\n\t\t\t\t\t\t\t\t<\/div>\n\t\t\t\t<div class=\"elementor-element elementor-element-f609a2a elementor-widget elementor-widget-html\" data-id=\"f609a2a\" data-element_type=\"widget\" data-widget_type=\"html.default\">\n\t\t\t\t\t<script>\r\ndocument.addEventListener(\"DOMContentLoaded\", function() {\r\n    const body = document.body;\r\n    const btnLoggedOut = document.querySelector(\".btn-logged-out\");\r\n\r\n    if (body.classList.contains(\"logged-in\")) {\r\n        btnLoggedOut.style.display = \"none\";\r\n    }\r\n});\r\n<\/script>\t\t\t\t<\/div>\n\t\t\t\t<\/div>\n\t\t\t\t\t<\/div>\n\t\t\t\t<\/div>\n\t\t<div data-particle_enable=\"false\" data-particle-mobile-disabled=\"false\" class=\"elementor-element elementor-element-9e6845b elementor-hidden-desktop elementor-hidden-tablet elementor-hidden-mobile e-flex e-con-boxed e-con e-parent\" data-id=\"9e6845b\" data-element_type=\"container\" id=\"simulator\" data-settings=\"{&quot;background_background&quot;:&quot;classic&quot;}\">\n\t\t\t\t\t<div class=\"e-con-inner\">\n\t\t<div data-particle_enable=\"false\" data-particle-mobile-disabled=\"false\" class=\"elementor-element elementor-element-fc3be44 e-con-full e-flex e-con e-child\" data-id=\"fc3be44\" data-element_type=\"container\">\n\t\t\t\t<div class=\"elementor-element elementor-element-2d7bfac elementor-widget elementor-widget-text-editor\" data-id=\"2d7bfac\" data-element_type=\"widget\" id=\"text-simulator\" data-widget_type=\"text-editor.default\">\n\t\t\t\t\t\t\t\t\t<p>Simulador<\/p>\t\t\t\t\t\t\t\t<\/div>\n\t\t\t\t<div class=\"elementor-element elementor-element-640c4b5 elementor-hidden-desktop elementor-hidden-tablet elementor-hidden-mobile elementor-widget elementor-widget-text-editor\" data-id=\"640c4b5\" data-element_type=\"widget\" id=\"text-value\" data-widget_type=\"text-editor.default\">\n\t\t\t\t\t\t\t\t\t<p>O valor de mercado da sua empresa pode estar entre<\/p>\t\t\t\t\t\t\t\t<\/div>\n\t\t\t\t<div class=\"elementor-element elementor-element-5f7f36c elementor-widget elementor-widget-heading\" data-id=\"5f7f36c\" data-element_type=\"widget\" id=\"simulator-title\" data-widget_type=\"heading.default\">\n\t\t\t\t\t<h1 class=\"elementor-heading-title elementor-size-default\">Simula\u00e7\u00e3o r\u00e1pida<\/h1>\t\t\t\t<\/div>\n\t\t\t\t<div class=\"elementor-element elementor-element-bfa8104 elementor-button-align-center elementor-widget elementor-widget-form\" data-id=\"bfa8104\" data-element_type=\"widget\" data-settings=\"{&quot;step_next_label&quot;:&quot;Simular valor&quot;,&quot;step_previous_label&quot;:&quot;Voltar&quot;,&quot;step_type&quot;:&quot;none&quot;,&quot;button_width&quot;:&quot;100&quot;,&quot;step_icon_shape&quot;:&quot;circle&quot;}\" data-widget_type=\"form.default\">\n\t\t\t\t\t\t\t<form class=\"elementor-form\" method=\"post\" name=\"New Form\" aria-label=\"New Form\">\n\t\t\t<input type=\"hidden\" name=\"post_id\" value=\"67\"\/>\n\t\t\t<input type=\"hidden\" name=\"form_id\" value=\"bfa8104\"\/>\n\t\t\t<input type=\"hidden\" name=\"referer_title\" value=\"Simulador\" \/>\n\n\t\t\t\t\t\t\t<input type=\"hidden\" name=\"queried_id\" value=\"67\"\/>\n\t\t\t\n\t\t\t<div class=\"elementor-form-fields-wrapper elementor-labels-above\">\n\t\t\t\t\t\t\t\t<div class=\"elementor-field-type-step elementor-field-group elementor-column elementor-field-group-field_ae68db3 elementor-col-100\">\n\t\t\t\t\t\t\t<div class=\"e-field-step elementor-hidden\" data-label=\"\" data-previousButton=\"\" data-nextButton=\"\" data-iconUrl=\"\" data-iconLibrary=\"fas fa-star\" data-icon=\"&lt;svg class=&quot;e-font-icon-svg e-fas-star&quot; viewBox=&quot;0 0 576 512&quot; xmlns=&quot;http:\/\/www.w3.org\/2000\/svg&quot;&gt;&lt;path d=&quot;M259.3 17.8L194 150.2 47.9 171.5c-26.2 3.8-36.7 36.1-17.7 54.6l105.7 103-25 145.5c-4.5 26.3 23.2 46 46.4 33.7L288 439.6l130.7 68.7c23.2 12.2 50.9-7.4 46.4-33.7l-25-145.5 105.7-103c19-18.5 8.5-50.8-17.7-54.6L382 150.2 316.7 17.8c-11.7-23.6-45.6-23.9-57.4 0z&quot;&gt;&lt;\/path&gt;&lt;\/svg&gt;\" ><\/div>\n\n\t\t\t\t\t\t<\/div>\n\t\t\t\t\t\t\t\t<div class=\"elementor-field-type-html elementor-field-group elementor-column elementor-field-group-field_2bfc558 elementor-col-100\">\n\t\t\t\t\t<div class=\" title\">Dados da Empresa<\/div>\t\t\t\t<\/div>\n\t\t\t\t\t\t\t\t<div class=\"elementor-field-type-number elementor-field-group elementor-column elementor-field-group-nif_empresa elementor-col-50 elementor-field-required\">\n\t\t\t\t\t\t\t\t\t\t\t\t<label for=\"form-field-nif_empresa\" class=\"elementor-field-label\">\n\t\t\t\t\t\t\t\tNIF Empresa\t\t\t\t\t\t\t<\/label>\n\t\t\t\t\t\t\t\t\t<input type=\"number\" name=\"form_fields[nif_empresa]\" id=\"form-field-nif_empresa\" class=\"elementor-field elementor-size-sm  elementor-field-textual\" required=\"required\" min=\"\" max=\"\" >\n\t\t\t\t\t\t<\/div>\n\t\t\t\t\t\t\t\t<div class=\"elementor-field-type-number elementor-field-group elementor-column elementor-field-group-volume_negocios elementor-col-50\">\n\t\t\t\t\t\t\t\t\t\t\t\t<label for=\"form-field-volume_negocios\" class=\"elementor-field-label\">\n\t\t\t\t\t\t\t\tVolume de Neg\u00f3cios\t\t\t\t\t\t\t<\/label>\n\t\t\t\t\t\t\t\t\t<input type=\"number\" name=\"form_fields[volume_negocios]\" id=\"form-field-volume_negocios\" class=\"elementor-field elementor-size-sm  elementor-field-textual\" min=\"\" max=\"\" >\n\t\t\t\t\t\t<\/div>\n\t\t\t\t\t\t\t\t<div class=\"elementor-field-type-number elementor-field-group elementor-column elementor-field-group-ebitda elementor-col-50\">\n\t\t\t\t\t\t\t\t\t\t\t\t<label for=\"form-field-ebitda\" class=\"elementor-field-label\">\n\t\t\t\t\t\t\t\tEBITDA\t\t\t\t\t\t\t<\/label>\n\t\t\t\t\t\t\t\t\t<input type=\"number\" name=\"form_fields[ebitda]\" id=\"form-field-ebitda\" class=\"elementor-field elementor-size-sm  elementor-field-textual\" min=\"\" max=\"\" >\n\t\t\t\t\t\t<\/div>\n\t\t\t\t\t\t\t\t<div class=\"elementor-field-type-number elementor-field-group elementor-column elementor-field-group-custos_operacionais elementor-col-50\">\n\t\t\t\t\t\t\t\t\t\t\t\t<label for=\"form-field-custos_operacionais\" class=\"elementor-field-label\">\n\t\t\t\t\t\t\t\tCustos Operacionais (S\u00f3cios)\t\t\t\t\t\t\t<\/label>\n\t\t\t\t\t\t\t\t\t<input type=\"number\" name=\"form_fields[custos_operacionais]\" id=\"form-field-custos_operacionais\" class=\"elementor-field elementor-size-sm  elementor-field-textual\" min=\"\" max=\"\" >\n\t\t\t\t\t\t<\/div>\n\t\t\t\t\t\t\t\t<div class=\"elementor-field-type-number elementor-field-group elementor-column elementor-field-group-custos_nao_operacionais elementor-col-50\">\n\t\t\t\t\t\t\t\t\t\t\t\t<label for=\"form-field-custos_nao_operacionais\" class=\"elementor-field-label\">\n\t\t\t\t\t\t\t\tCustos n\u00e3o operacionais\t\t\t\t\t\t\t<\/label>\n\t\t\t\t\t\t\t\t\t<input type=\"number\" name=\"form_fields[custos_nao_operacionais]\" id=\"form-field-custos_nao_operacionais\" class=\"elementor-field elementor-size-sm  elementor-field-textual\" min=\"\" max=\"\" >\n\t\t\t\t\t\t<\/div>\n\t\t\t\t\t\t\t\t<div class=\"elementor-field-type-number elementor-field-group elementor-column elementor-field-group-ativos elementor-col-50\">\n\t\t\t\t\t\t\t\t\t\t\t\t<label for=\"form-field-ativos\" class=\"elementor-field-label\">\n\t\t\t\t\t\t\t\tAtivos\t\t\t\t\t\t\t<\/label>\n\t\t\t\t\t\t\t\t\t<input type=\"number\" name=\"form_fields[ativos]\" id=\"form-field-ativos\" class=\"elementor-field elementor-size-sm  elementor-field-textual\" min=\"\" max=\"\" >\n\t\t\t\t\t\t<\/div>\n\t\t\t\t\t\t\t\t<div class=\"elementor-field-type-number elementor-field-group elementor-column elementor-field-group-caixa_depositos_bancarios elementor-col-50\">\n\t\t\t\t\t\t\t\t\t\t\t\t<label for=\"form-field-caixa_depositos_bancarios\" class=\"elementor-field-label\">\n\t\t\t\t\t\t\t\tCaixa e Dep\u00f3sitos Banc\u00e1rios\t\t\t\t\t\t\t<\/label>\n\t\t\t\t\t\t\t\t\t<input type=\"number\" name=\"form_fields[caixa_depositos_bancarios]\" id=\"form-field-caixa_depositos_bancarios\" class=\"elementor-field elementor-size-sm  elementor-field-textual\" min=\"\" max=\"\" >\n\t\t\t\t\t\t<\/div>\n\t\t\t\t\t\t\t\t<div class=\"elementor-field-type-number elementor-field-group elementor-column elementor-field-group-divida_bancaria elementor-col-50\">\n\t\t\t\t\t\t\t\t\t\t\t\t<label for=\"form-field-divida_bancaria\" class=\"elementor-field-label\">\n\t\t\t\t\t\t\t\tD\u00edvida Banc\u00e1ria\t\t\t\t\t\t\t<\/label>\n\t\t\t\t\t\t\t\t\t<input type=\"number\" name=\"form_fields[divida_bancaria]\" id=\"form-field-divida_bancaria\" class=\"elementor-field elementor-size-sm  elementor-field-textual\" min=\"\" max=\"\" >\n\t\t\t\t\t\t<\/div>\n\t\t\t\t\t\t\t\t<div class=\"elementor-field-type-html elementor-field-group elementor-column elementor-field-group-field_7b49779 elementor-col-100\">\n\t\t\t\t\t<div class=\" title\">Contactos<\/div>\t\t\t\t<\/div>\n\t\t\t\t\t\t\t\t<div class=\"elementor-field-type-text elementor-field-group elementor-column elementor-field-group-field_2d7be46 elementor-col-50\">\n\t\t\t\t\t\t\t\t\t\t\t\t<label for=\"form-field-field_2d7be46\" class=\"elementor-field-label\">\n\t\t\t\t\t\t\t\tNome Completo\t\t\t\t\t\t\t<\/label>\n\t\t\t\t\t\t\t\t\t\t\t\t\t\t<input size=\"1\" type=\"text\" name=\"form_fields[field_2d7be46]\" id=\"form-field-field_2d7be46\" class=\"elementor-field elementor-size-sm  elementor-field-textual\">\n\t\t\t\t\t\t\t\t\t\t\t<\/div>\n\t\t\t\t\t\t\t\t<div class=\"elementor-field-type-email elementor-field-group elementor-column elementor-field-group-field_27536b6 elementor-col-50\">\n\t\t\t\t\t\t\t\t\t\t\t\t<label for=\"form-field-field_27536b6\" class=\"elementor-field-label\">\n\t\t\t\t\t\t\t\tEmail\t\t\t\t\t\t\t<\/label>\n\t\t\t\t\t\t\t\t\t\t\t\t\t\t<input size=\"1\" type=\"email\" name=\"form_fields[field_27536b6]\" id=\"form-field-field_27536b6\" class=\"elementor-field elementor-size-sm  elementor-field-textual\">\n\t\t\t\t\t\t\t\t\t\t\t<\/div>\n\t\t\t\t\t\t\t\t<div class=\"elementor-field-type-tel elementor-field-group elementor-column elementor-field-group-field_c931c20 elementor-col-50\">\n\t\t\t\t\t\t\t\t\t\t\t\t<label for=\"form-field-field_c931c20\" class=\"elementor-field-label\">\n\t\t\t\t\t\t\t\tTelem\u00f3vel\t\t\t\t\t\t\t<\/label>\n\t\t\t\t\t\t\t\t<input size=\"1\" type=\"tel\" name=\"form_fields[field_c931c20]\" id=\"form-field-field_c931c20\" class=\"elementor-field elementor-size-sm  elementor-field-textual\" pattern=\"[0-9()#&amp;+*-=.]+\" title=\"Only numbers and phone characters (#, -, *, etc) are accepted.\">\n\n\t\t\t\t\t\t<\/div>\n\t\t\t\t\t\t\t\t<div class=\"elementor-field-type-step elementor-field-group elementor-column elementor-field-group-field_fb249ea elementor-col-100\">\n\t\t\t\t\t\t\t<div class=\"e-field-step elementor-hidden\" data-label=\"\" data-previousButton=\"\" data-nextButton=\"\" data-iconUrl=\"\" data-iconLibrary=\"fas fa-star\" data-icon=\"&lt;svg class=&quot;e-font-icon-svg e-fas-star&quot; viewBox=&quot;0 0 576 512&quot; xmlns=&quot;http:\/\/www.w3.org\/2000\/svg&quot;&gt;&lt;path d=&quot;M259.3 17.8L194 150.2 47.9 171.5c-26.2 3.8-36.7 36.1-17.7 54.6l105.7 103-25 145.5c-4.5 26.3 23.2 46 46.4 33.7L288 439.6l130.7 68.7c23.2 12.2 50.9-7.4 46.4-33.7l-25-145.5 105.7-103c19-18.5 8.5-50.8-17.7-54.6L382 150.2 316.7 17.8c-11.7-23.6-45.6-23.9-57.4 0z&quot;&gt;&lt;\/path&gt;&lt;\/svg&gt;\" ><\/div>\n\n\t\t\t\t\t\t<\/div>\n\t\t\t\t\t\t\t\t<div class=\"elementor-field-type-html elementor-field-group elementor-column elementor-field-group-result elementor-col-100\">\n\t\t\t\t\t<div class=\"result\"><\/div>\t\t\t\t<\/div>\n\t\t\t\t\t\t\t\t<div class=\"elementor-field-type-hidden elementor-field-group elementor-column elementor-field-group-hidden_result elementor-col-100\">\n\t\t\t\t\t\t\t\t\t\t\t\t\t<input size=\"1\" type=\"hidden\" name=\"form_fields[hidden_result]\" id=\"form-field-hidden_result\" class=\"elementor-field elementor-size-sm  elementor-field-textual\">\n\t\t\t\t\t\t\t\t\t\t\t<\/div>\n\t\t\t\t\t\t\t\t<div class=\"elementor-field-group elementor-column elementor-field-type-submit elementor-col-100 e-form__buttons\">\n\t\t\t\t\t<button class=\"elementor-button elementor-size-sm\" type=\"submit\">\n\t\t\t\t\t\t<span class=\"elementor-button-content-wrapper\">\n\t\t\t\t\t\t\t\t\t\t\t\t\t\t\t\t\t\t\t\t\t\t<span class=\"elementor-button-text\">Enviar ao nosso administrador<\/span>\n\t\t\t\t\t\t\t\t\t\t\t\t\t<\/span>\n\t\t\t\t\t<\/button>\n\t\t\t\t<\/div>\n\t\t\t<\/div>\n\t\t<\/form>\n\t\t\t\t\t\t<\/div>\n\t\t\t\t<\/div>\n\t\t\t\t\t<\/div>\n\t\t\t\t<\/div>\n\t\t<div data-particle_enable=\"false\" data-particle-mobile-disabled=\"false\" class=\"elementor-element elementor-element-5a7c9df e-flex e-con-boxed e-con e-parent\" data-id=\"5a7c9df\" data-element_type=\"container\">\n\t\t\t\t\t<div class=\"e-con-inner\">\n\t\t\t\t<div class=\"elementor-element elementor-element-2456357 elementor-widget elementor-widget-html\" data-id=\"2456357\" data-element_type=\"widget\" data-widget_type=\"html.default\">\n\t\t\t\t\t<script>\r\n    function myFunction() {\r\n        document.querySelector(\"#simulator\").style.display = \"block\";\r\n        document.querySelector(\"#hero\").style.display = \"none\";\r\n    }\r\n\r\n    document.addEventListener(\"DOMContentLoaded\", function () {\r\n        document.querySelector(\"#btn-start-simulator\")\r\n            .addEventListener(\"click\", myFunction);\r\n    });\r\n<\/script>\t\t\t\t<\/div>\n\t\t\t\t<div class=\"elementor-element elementor-element-931d23e elementor-widget elementor-widget-html\" data-id=\"931d23e\" data-element_type=\"widget\" data-widget_type=\"html.default\">\n\t\t\t\t\t<script>\r\ndocument.addEventListener('DOMContentLoaded', function() {\r\n    const nif = document.querySelector('#form-field-nif_empresa');\r\n    const resultDiv = document.querySelector('.result');\r\n    const textSimulator = document.querySelector('#text-simulator');\r\n    const textValue = document.querySelector('#text-value');\r\n    const simulatorTitle = document.querySelector('#simulator-title');\r\n    const hiddenResult = document.querySelector('#form-field-hidden_result');\r\n\r\n    function attachNextEvent() {\r\n        const btn = document.querySelector('.elementor-field-type-next');\r\n        if(btn && !btn.dataset.listenerAdded) {\r\n            btn.dataset.listenerAdded = \"true\";\r\n            btn.addEventListener('click', function() {\r\n                let valorNif = parseFloat(nif.value);\r\n                let soma = valorNif + 1000;\r\n\r\n                setTimeout(() => {\r\n\r\n                    resultDiv.innerHTML = soma;\r\n                    resultDiv.style.display = \"block\";\r\n\r\n                    if(textSimulator) textSimulator.style.display = \"none\";\r\n                    if(textValue) textValue.style.display = \"block\";\r\n                    if(simulatorTitle) simulatorTitle.style.display = \"none\";\r\n\r\n                    if(hiddenResult) hiddenResult.value = soma;\r\n                }, 50);\r\n            });\r\n        }\r\n    }\r\n\r\n    const interval = setInterval(attachNextEvent, 100);\r\n});\r\n<\/script>\r\n\t\t\t\t<\/div>\n\t\t\t\t\t<\/div>\n\t\t\t\t<\/div>\n\t\t\t\t<\/div>\n\t\t","protected":false},"excerpt":{"rendered":"<p>Simulador Sabe quanto vale a sua empresa? Quer atrair investimento, novos s\u00f3cios ou vender a sua empresa? Com o nosso simulador, descubra o valor indicativo do seu neg\u00f3cio a partir de alguns indicadores financeiros. Entrar \/ Criar conta Simular valor agora Simulador O valor de mercado da sua empresa pode estar entre Simula\u00e7\u00e3o r\u00e1pida<\/p>\n","protected":false},"author":1,"featured_media":0,"parent":0,"menu_order":0,"comment_status":"closed","ping_status":"closed","template":"","meta":{"_acf_changed":false,"inline_featured_image":false,"footnotes":""},"class_list":["post-67","page","type-page","status-publish","hentry"],"acf":[],"_links":{"self":[{"href":"https:\/\/dev.diasdiogo.pt\/brandscapitalinvestments\/wp-json\/wp\/v2\/pages\/67","targetHints":{"allow":["GET"]}}],"collection":[{"href":"https:\/\/dev.diasdiogo.pt\/brandscapitalinvestments\/wp-json\/wp\/v2\/pages"}],"about":[{"href":"https:\/\/dev.diasdiogo.pt\/brandscapitalinvestments\/wp-json\/wp\/v2\/types\/page"}],"author":[{"embeddable":true,"href":"https:\/\/dev.diasdiogo.pt\/brandscapitalinvestments\/wp-json\/wp\/v2\/users\/1"}],"replies":[{"embeddable":true,"href":"https:\/\/dev.diasdiogo.pt\/brandscapitalinvestments\/wp-json\/wp\/v2\/comments?post=67"}],"version-history":[{"count":418,"href":"https:\/\/dev.diasdiogo.pt\/brandscapitalinvestments\/wp-json\/wp\/v2\/pages\/67\/revisions"}],"predecessor-version":[{"id":2906,"href":"https:\/\/dev.diasdiogo.pt\/brandscapitalinvestments\/wp-json\/wp\/v2\/pages\/67\/revisions\/2906"}],"wp:attachment":[{"href":"https:\/\/dev.diasdiogo.pt\/brandscapitalinvestments\/wp-json\/wp\/v2\/media?parent=67"}],"curies":[{"name":"wp","href":"https:\/\/api.w.org\/{rel}","templated":true}]}}